he remainder when 1068016 is divided by 268?
36
Calculate the remainder when 556837 is divided by 37.
24
Calculate the remainder when 2577979 is divided by 332.
331
Calculate the remainder when 96005 is divided by 21.
14
What is the remainder when 14887 is divided by 7442?
3
Calculate the remainder when 1644 is divided by 333.
312
Calculate the remainder when 129257 is divided by 1280.
1257
Calculate the remainder when 55403 is divided by 26.
23
Calculate the remainder when 1334 is divided by 605.
124
What is the remainder when 7427 is divided by 21?
14
Calculate the remainder when 7697 is divided by 1923.
5
What is the remainder when 2437 is divided by 558?
205
Calculate the remainder when 1666 is divided by 1377.
289
What is the remainder when 206046 is divided by 205960?
86
Calculate the remainder when 1413 is divided by 190.
83
Calculate the remainder when 31063 is divided by 1071.
4
What is the remainder when 3798 is divided by 750?
48
Calculate the remainder when 863 is divided by 467.
396
Calculate the remainder when 52710 is divided by 976.
6
What is the remainder when 2140610 is divided by 18?
14
What is the remainder when 2777 is divided by 70?
47
What is the remainder when 4666 is divided by 111?
4
What is the remainder when 5548160 is divided by 174?
170
Calculate the remainder when 492383 is divided by 17.
12
Calculate the remainder when 2582 is divided by 122.
20
Calculate the remainder when 15673 is divided by 49.
42
What is the remainder when 80924 is divided by 15?
14
What is the remainder when 1369 is divided by 935?
434
Calculate the remainder when 51618 is divided by 17196.
30
What is the remainder when 564808 is divided by 80?
8
Calculate the remainder when 2013346 is divided by 134.
130
Calculate the remainder when 7662 is divided by 1842.
294
What is the remainder when 378693 is divided by 51?
18
What is the remainder when 21214 is divided by 177?
151
What is the remainder when 68340 is divided by 11?
8
What is the remainder when 187339 is divided by 18?
13
What is the remainder when 223 is divided by 174?
49
What is the remainder when 8603 is divided by 557?
248
Calculate the remainder when 147812 is divided by 526.
6
What is the remainder when 35993 is divided by 600?
593
Calculate the remainder when 262528 is divided by 6105.
13
What is the remainder when 17398 is divided by 154?
150
What is the remainder when 56961 is divided by 94?
91
Calculate the remainder when 23937 is divided by 21.
18
Calculate the remainder when 9268 is divided by 713.
712
Calculate the remainder when 1266075 is divided by 18.
9
What is the remainder when 15548 is divided by 791?
519
What is the remainder when 15937 is divided by 15910?
27
Calculate the remainder when 1184311 is divided by 634.
633
Calculate the remainder when 136218 is divided by 43.
37
Calculate the remainder when 6035 is divided by 4.
3
Calculate the remainder when 1532 is divided by 703.
126
What is the remainder when 740 is divided by 43?
9
What is the remainder when 23659 is divided by 1045?
669
Calculate the remainder when 1335 is divided by 827.
508
Calculate the remainder when 7316 is divided by 178.
18
Calculate the remainder when 1753 is divided by 176.
169
What is the remainder when 48864 is divided by 30?
24
Calculate the remainder when 1640986 is divided by 26.
22
What is the remainder when 33943 is divided by 1604?
259
What is the remainder when 34909 is divided by 161?
133
Calculate the remainder when 225 is divided by 50.
25
Calculate the remainder when 13345 is divided by 6670.
5
What is the remainder when 5912 is divided by 19?
3
What is the remainder when 11790 is divided by 47?
40
Calculate the remainder when 249907 is divided by 33.
31
What is the remainder when 24822 is divided by 8095?
537
What is the remainder when 1990 is divided by 1072?
918
What is the remainder when 195984 is divided by 478?
4
Calculate the remainder when 85 is divided by 34.
17
Calculate the remainder when 10682 is divided by 3551.
29
What is the remainder when 5082 is divided by 82?
80
What is the remainder when 60079 is divided by 105?
19
What is the remainder when 728 is divided by 29?
3
What is the remainder when 6302 is divided by 6277?
25
Calculate the remainder when 171861 is divided by 84.
81
What is the remainder when 94159 is divided by 94085?
74
Calculate the remainder when 81064 is divided by 70.
4
Calculate the remainder when 1437 is divided by 41.
2
What is the remainder when 506399 is divided by 800?
799
What is the remainder when 2239729 is divided by 11?
8
Calculate the remainder when 4992 is divided by 2463.
66
What is the remainder when 1407 is divided by 269?
62
What is the remainder when 23623 is divided by 5903?
11
Calculate the remainder when 527067 is divided by 181.
176
Calculate the remainder when 29977 is divided by 157.
147
Calculate the remainder when 103586 is divided by 23.
17
Calculate the remainder when 6319 is divided by 424.
383
Calculate the remainder when 680247 is divided by 203.
197
Calculate the remainder when 3122877 is divided by 418.
417
What is the remainder when 3815 is divided by 576?
359
What is the remainder when 4201 is divided by 390?
301
What is the remainder when 24469 is divided by 30?
19
Calculate the remainder when 181858 is divided by 33.
28
What is the remainder when 6983 is divided by 5681?
1302
What is the remainder when 5722 is divided by 204?
10
Calculate the remainder when 29475 is divided by 145.
40
Calculate the remainder when 144275 is divided by 132.
131
Calculate the remainder when 10707 is divided by 355.
57
Calculate the remainder when 34575 is divided by 102.
99
What is the remainder when 16646 is divided by 8313?
20
What is the remainder when 17726 is divided by 8?
6
Calculate the remainder when 1929 is divided by 25.
4
Calculate the remainder when 151471 is divided by 801.
82
What is the remainder when 2790 is divided by 391?
53
What is the remainder when 34743 is divided by 192?
183
What is the remainder when 1370 is divided by 137?
0
Calculate the remainder when 1873 is divided by 512.
337
What is the remainder when 2266 is divided by 629?
379
What is the remainder when 4641 is divided by 1082?
313
What is the remainder when 6742 is divided by 1123?
4
What is the remainder when 56558 is divided by 28270?
18
Calculate the remainder when 3758 is divided by 131.
90
What is the remainder when 160305 is divided by 53432?
9
Calculate the remainder when 233310 is divided by 317.
315
Calculate the remainder when 160173 is divided by 282.
279
Calculate the remainder when 67892 is divided by 25.
17
Calculate the remainder when 11753 is divided by 471.
449
What is the remainder when 4555 is divided by 4530?
25
Calculate the remainder when 209 is divided by 74.
61
Calculate the remainder when 11975 is divided by 62.
9
What is the remainder when 683676 is divided by 113942?
24
Calculate the remainder when 35646 is divided by 56.
30
Calculate the remainder when 151717 is divided by 75850.
17
What is the remainder when 1266 is divided by 14?
6
What is the remainder when 994 is divided by 594?
400
What is the remainder when 202664 is divided by 22517?
11
What is the remainder when 3240 is divided by 91?
55
What is the remainder when 14704 is divided by 77?
74
Calculate the remainder when 57950 is divided by 1159.
0
What is the remainder when 75771 is divided by 75763?
8
What is the remainder when 584114 is divided by 783?
779
Calculate the remainder when 1271 is divided by 37.
13
Calculate the remainder when 1737 is divided by 224.
169
What is the remainder when 215129 is divided by 71706?
11
Calculate the remainder when 1064 is divided by 393.
278
What is the remainder when 46376 is divided by 2108?
0
What is the remainder when 5840 is divided by 376?
200
What is the remainder when 196623 is divided by 5?
3
Calculate the remainder when 1432 is divided by 710.
12
What is the remainder when 4960 is divided by 825?
10
What is the remainder when 5939 is divided by 22?
21
What is the remainder when 5368 is divided by 24?
16
Calculate the remainder when 565944 is divided by 604.
600
Calculate the remainder when 11488 is divided by 274.
254
What is the remainder when 511 is divided by 180?
151
What is the remainder when 4681